{"id":4125,"date":"2013-09-30T11:33:03","date_gmt":"2013-09-30T18:33:03","guid":{"rendered":"http:\/\/sd41blogs.ca\/romaina\/?page_id=4125"},"modified":"2013-10-09T13:47:23","modified_gmt":"2013-10-09T20:47:23","slug":"reponses-pour-limparfait-pc-activite","status":"publish","type":"page","link":"http:\/\/sd41blogs.ca\/romaina\/french-11\/unite-0-preliminaire\/imparfait-passe-compose-practice\/reponses-pour-limparfait-pc-activite\/","title":{"rendered":"R\u00e9ponses pour l&#8217;imparfait \/ PC activit\u00e9s"},"content":{"rendered":"<p>&#8220;Quiz A&#8221; R\u00e9ponses:<\/p>\n<p>\u00e9tait,\u00a0travaillait,\u00a0n\u2019aimait pas,\u00a0\u00e9tait,\u00a0adorait,\u00a0gagnait,\u00a0travaillaient,\u00a0\u00e9taient,\u00a0ne voulait plus,\u00a0ne pouvait pas\u00a0a d\u00e9cid\u00e9,\u00a0n\u2019\u00e9tait pas,\u00a0pleurait,\u00a0n\u2019avait pas,\u00a0\u00e9tait,\u00a0est entr\u00e9,\u00a0\u00e9tait,\u00a0avait,\u00a0n\u2019a rien achet\u00e9,\u00a0ont parl\u00e9,\u00a0a invit\u00e9,\u00a0sont all\u00e9s,\u00a0ont pris,\u00a0ont beaucoup parl\u00e9 \u00a0\/ parlaient beaucoup,\u00a0a oubli\u00e9,\u00a0a regard\u00e9,\u00a0\u00e9tait,\u00a0devait,a expliqu\u00e9,sont partis,sortait,a entendu,a regard\u00e9,\u00a0a trouv\u00e9,\u00a0avait,\u00a0a t\u00e9l\u00e9phon\u00e9,\u00a0a r\u00e9pondu,\u00a0\u00e9tait<\/p>\n<p>&#8220;Quiz B&#8221; R\u00e9ponses:<\/p>\n<p>habitait,\u00a0allaient,\u00a0chantaient,\u00a0revenaient,\u00a0est venue,\u00a0a donn\u00e9,\u00a0a mang\u00e9,\u00a0est tomb\u00e9e,\u00a0sont rentr\u00e9s,\u00a0ont t\u00e9l\u00e9phon\u00e9,\u00a0est arriv\u00e9,\u00a0travaillait,\u00a0aimait,\u00a0avait,\u00a0\u00e9tait,\u00a0ne savait pas,\u00a0existait,\u00a0\u00e9crivait,\u00a0a eu,\u00a0\u00e9tait,\u00a0est entr\u00e9,\u00a0ne savait pas,\u00a0regardait,\u00a0a chang\u00e9,\u00a0est devenu,\u00a0a su,\u00a0est tomb\u00e9e,\u00a0est sortie,\u00a0est entr\u00e9e,\u00a0a appel\u00e9,\u00a0attendait,\u00a0a entendu,\u00a0tombaient,\u00a0hurlait,\u00a0criaient,\u00a0a appel\u00e9,\u00a0n\u2019arrivait,\u00a0a compris<\/p>\n<p>&#8220;Quiz C&#8221; R\u00e9ponses:<\/p>\n<p><span style=\"font-size: 16px;\">sommes all\u00e9s,\u00a0<\/span>sont rest\u00e9s,\u00a0sommes partis,\u00a0neigeait,\u00a0sommes arriv\u00e9s,\u00a0avons dormi,\u00a0suis all\u00e9,\u00a0ont jou\u00e9,\u00a0avons regard\u00e9,\u00a0avait,\u00a0ont dit, pr\u00e9f\u00e9raient,\u00a0avons pris,\u00a0avons fait,\u00a0faisait,\u00a0sommes rentr\u00e9s<\/p>\n<p><span style=\"font-size: 16px;\">j\u2019ai pass\u00e9,\u00a0<\/span>c\u2019\u00e9tait,\u00a0a fait,\u00a0\u00e9tais,\u00a0suis rentr\u00e9e,\u00a0\u00e9tait,\u00a0sommes all\u00e9s,\u00a0c\u2019\u00e9tait,\u00a0a pr\u00e9par\u00e9,\u00a0sommes partis,\u00a0faisait,\u00a0\u00e9tait,\u00a0avons ski\u00e9,\u00a0sommes rentr\u00e9s,\u00a0\u00e9tions,\u00a0a fait,\u00a0a apport\u00e9<\/p>\n","protected":false},"excerpt":{"rendered":"<p>&#8220;Quiz A&#8221; R\u00e9ponses: \u00e9tait,\u00a0travaillait,\u00a0n\u2019aimait pas,\u00a0\u00e9tait,\u00a0adorait,\u00a0gagnait,\u00a0travaillaient,\u00a0\u00e9taient,\u00a0ne voulait plus,\u00a0ne pouvait pas\u00a0a d\u00e9cid\u00e9,\u00a0n\u2019\u00e9tait pas,\u00a0pleurait,\u00a0n\u2019avait pas,\u00a0\u00e9tait,\u00a0est entr\u00e9,\u00a0\u00e9tait,\u00a0avait,\u00a0n\u2019a rien achet\u00e9,\u00a0ont parl\u00e9,\u00a0a invit\u00e9,\u00a0sont all\u00e9s,\u00a0ont pris,\u00a0ont beaucoup parl\u00e9 \u00a0\/ parlaient beaucoup,\u00a0a oubli\u00e9,\u00a0a regard\u00e9,\u00a0\u00e9tait,\u00a0devait,a expliqu\u00e9,sont partis,sortait,a entendu,a regard\u00e9,\u00a0a trouv\u00e9,\u00a0avait,\u00a0a t\u00e9l\u00e9phon\u00e9,\u00a0a r\u00e9pondu,\u00a0\u00e9tait &#8220;Quiz B&#8221; R\u00e9ponses: habitait,\u00a0allaient,\u00a0chantaient,\u00a0revenaient,\u00a0est venue,\u00a0a donn\u00e9,\u00a0a mang\u00e9,\u00a0est &hellip; <a href=\"http:\/\/sd41blogs.ca\/romaina\/french-11\/unite-0-preliminaire\/imparfait-passe-compose-practice\/reponses-pour-limparfait-pc-activite\/\">Continue reading <span class=\"meta-nav\">&rarr;<\/span><\/a><\/p>\n","protected":false},"author":103,"featured_media":0,"parent":2368,"menu_order":0,"comment_status":"open","ping_status":"closed","template":"","meta":[],"_links":{"self":[{"href":"http:\/\/sd41blogs.ca\/romaina\/wp-json\/wp\/v2\/pages\/4125"}],"collection":[{"href":"http:\/\/sd41blogs.ca\/romaina\/wp-json\/wp\/v2\/pages"}],"about":[{"href":"http:\/\/sd41blogs.ca\/romaina\/wp-json\/wp\/v2\/types\/page"}],"author":[{"embeddable":true,"href":"http:\/\/sd41blogs.ca\/romaina\/wp-json\/wp\/v2\/users\/103"}],"replies":[{"embeddable":true,"href":"http:\/\/sd41blogs.ca\/romaina\/wp-json\/wp\/v2\/comments?post=4125"}],"version-history":[{"count":4,"href":"http:\/\/sd41blogs.ca\/romaina\/wp-json\/wp\/v2\/pages\/4125\/revisions"}],"predecessor-version":[{"id":4201,"href":"http:\/\/sd41blogs.ca\/romaina\/wp-json\/wp\/v2\/pages\/4125\/revisions\/4201"}],"up":[{"embeddable":true,"href":"http:\/\/sd41blogs.ca\/romaina\/wp-json\/wp\/v2\/pages\/2368"}],"wp:attachment":[{"href":"http:\/\/sd41blogs.ca\/romaina\/wp-json\/wp\/v2\/media?parent=4125"}],"curies":[{"name":"wp","href":"https:\/\/api.w.org\/{rel}","templated":true}]}}