{"id":392,"date":"2011-02-16T09:14:18","date_gmt":"2011-02-16T17:14:18","guid":{"rendered":"http:\/\/10.155.6.59\/romaina\/"},"modified":"2025-08-26T14:30:37","modified_gmt":"2025-08-26T21:30:37","slug":"extra-practice-activities","status":"publish","type":"page","link":"http:\/\/sd41blogs.ca\/romaina\/helpful-websites\/extra-practice-activities\/","title":{"rendered":"Extra practice activities"},"content":{"rendered":"<p><a href=\"http:\/\/www.realfrench.net\/grammar\/games.php?function=choose_single&amp;ex=4\" target=\"_blank\" rel=\"noopener\">\u00a0<\/a><\/p>\n<p><a title=\"Comparatif &amp; Superlatif\" href=\"http:\/\/sd41blogs.ca\/romaina\/helpful-websites\/extra-practice-activities\/comparatif-superlatif-adverbes\/\">Comparatif &amp; Superlatif<\/a><\/p>\n<p><a title=\"Comparatif &amp; Superlatif\" href=\"http:\/\/sd41blogs.ca\/romaina\/helpful-websites\/extra-practice-activities\/comparatif-superlatif-adverbes\/\">Conditionnel<\/a><\/p>\n<p><a href=\"http:\/\/leconjugueur.lefigaro.fr\/exercice\">Conjugations of most verb tenses\u00a0<\/a><\/p>\n<p><a title=\"Futur Simple\" href=\"http:\/\/sd41blogs.ca\/romaina\/french-11\/extra-practice-activities\/futur-simple\/\">Futur Simple<\/a><\/p>\n<p><a title=\"Imparfait\" href=\"http:\/\/sd41blogs.ca\/romaina\/french-11\/extra-practice-activities\/imparfait\/\">Imparfait<\/a><\/p>\n<p><a title=\"Imparfait \/ Pass\u00e9 Compos\u00e9\" href=\"http:\/\/sd41blogs.ca\/romaina\/french-11\/extra-practice-activities\/imparfait-passe-compose\/\">Imparfait \/ Pass\u00e9 Compos\u00e9<\/a><\/p>\n<p><a href=\"http:\/\/sd41blogs.ca\/romaina\/helpful-websites\/extra-practice-activities\/interrogative-pronouns\/\" target=\"_blank\" rel=\"noopener\">Interrogative Pronouns<\/a><\/p>\n<p><a title=\"Le n\u00e9gatif\" href=\"http:\/\/sd41blogs.ca\/romaina\/helpful-websites\/extra-practice-activities\/le-negatif\/\">Le n\u00e9gatif<\/a><\/p>\n<p><a title=\"Pronoms\" href=\"http:\/\/sd41blogs.ca\/romaina\/french-11\/extra-practice-activities\/pronoms\/\">Pronoms<\/a><\/p>\n<p><a title=\"Pronoms Relatifs (qui &amp; que)\" href=\"http:\/\/sd41blogs.ca\/romaina\/french-11\/extra-practice-activities\/pronoms-relatifs-qui-que\/\">Pronoms Relatifs (qui, que, dont &amp; o\u00f9)<\/a><\/p>\n<p><a title=\"Savoir vs Conna\u00eetre\" href=\"http:\/\/sd41blogs.ca\/romaina\/helpful-websites\/extra-practice-activities\/savoir-vs-connaitre\/\">Savoir vs Conna\u00eetre<\/a><\/p>\n","protected":false},"excerpt":{"rendered":"<p>\u00a0 Comparatif &amp; Superlatif Conditionnel Conjugations of most verb tenses\u00a0 Futur Simple Imparfait Imparfait \/ Pass\u00e9 Compos\u00e9 Interrogative Pronouns Le n\u00e9gatif Pronoms Pronoms Relatifs (qui, que, dont &amp; o\u00f9) Savoir vs Conna\u00eetre<\/p>\n","protected":false},"author":103,"featured_media":0,"parent":385,"menu_order":3,"comment_status":"open","ping_status":"closed","template":"","meta":[],"_links":{"self":[{"href":"http:\/\/sd41blogs.ca\/romaina\/wp-json\/wp\/v2\/pages\/392"}],"collection":[{"href":"http:\/\/sd41blogs.ca\/romaina\/wp-json\/wp\/v2\/pages"}],"about":[{"href":"http:\/\/sd41blogs.ca\/romaina\/wp-json\/wp\/v2\/types\/page"}],"author":[{"embeddable":true,"href":"http:\/\/sd41blogs.ca\/romaina\/wp-json\/wp\/v2\/users\/103"}],"replies":[{"embeddable":true,"href":"http:\/\/sd41blogs.ca\/romaina\/wp-json\/wp\/v2\/comments?post=392"}],"version-history":[{"count":12,"href":"http:\/\/sd41blogs.ca\/romaina\/wp-json\/wp\/v2\/pages\/392\/revisions"}],"predecessor-version":[{"id":17086,"href":"http:\/\/sd41blogs.ca\/romaina\/wp-json\/wp\/v2\/pages\/392\/revisions\/17086"}],"up":[{"embeddable":true,"href":"http:\/\/sd41blogs.ca\/romaina\/wp-json\/wp\/v2\/pages\/385"}],"wp:attachment":[{"href":"http:\/\/sd41blogs.ca\/romaina\/wp-json\/wp\/v2\/media?parent=392"}],"curies":[{"name":"wp","href":"https:\/\/api.w.org\/{rel}","templated":true}]}}