{"id":2368,"date":"2012-09-30T16:20:01","date_gmt":"2012-09-30T23:20:01","guid":{"rendered":"http:\/\/sd41blogs.ca\/romaina\/?page_id=2368"},"modified":"2022-02-07T11:30:31","modified_gmt":"2022-02-07T19:30:31","slug":"imparfait-passe-compose-practice","status":"publish","type":"page","link":"http:\/\/sd41blogs.ca\/romaina\/french-11\/unite-0-preliminaire\/imparfait-passe-compose-practice\/","title":{"rendered":"Imparfait \/ Pass\u00e9 Compos\u00e9 Practice"},"content":{"rendered":"<p><a href=\"http:\/\/sd41blogs.ca\/romaina\/files\/2022\/02\/Fr11-PC-fill-in-text-WS-Answers.pdf\">Pass\u00e9 compos\u00e9 fill in text WS &#8211; Answers<\/a><\/p>\n<p><a href=\"http:\/\/sd41blogs.ca\/romaina\/files\/2022\/02\/Fr11-Passe-Compose-WS-1-Answer-key.pdf\">Pass\u00e9 Compos\u00e9 WS #1 &#8211; Answer key<\/a><\/p>\n<p><a href=\"http:\/\/sd41blogs.ca\/romaina\/files\/2022\/02\/Un0-Imparfait-WS.pdf\">Imparfait WS<\/a>\u00a0&amp; <a href=\"http:\/\/sd41blogs.ca\/romaina\/files\/2022\/02\/Un0-Imparfait-WS-Answer-Key.pdf\">Imparfait WS &#8211; Answer Key<\/a><\/p>\n<p><a href=\"http:\/\/sd41blogs.ca\/romaina\/files\/2013\/09\/Imparfait-PC-Quizzes-Answers-ABC.pdf\">Imparfait &amp; PC Quizzes Answers A, B &amp; C<\/a><\/p>\n","protected":false},"excerpt":{"rendered":"<p>Pass\u00e9 compos\u00e9 fill in text WS &#8211; Answers Pass\u00e9 Compos\u00e9 WS #1 &#8211; Answer key Imparfait WS\u00a0&amp; Imparfait WS &#8211; Answer Key Imparfait &amp; PC Quizzes Answers A, B &amp; C<\/p>\n","protected":false},"author":103,"featured_media":0,"parent":2321,"menu_order":0,"comment_status":"open","ping_status":"closed","template":"","meta":[],"_links":{"self":[{"href":"http:\/\/sd41blogs.ca\/romaina\/wp-json\/wp\/v2\/pages\/2368"}],"collection":[{"href":"http:\/\/sd41blogs.ca\/romaina\/wp-json\/wp\/v2\/pages"}],"about":[{"href":"http:\/\/sd41blogs.ca\/romaina\/wp-json\/wp\/v2\/types\/page"}],"author":[{"embeddable":true,"href":"http:\/\/sd41blogs.ca\/romaina\/wp-json\/wp\/v2\/users\/103"}],"replies":[{"embeddable":true,"href":"http:\/\/sd41blogs.ca\/romaina\/wp-json\/wp\/v2\/comments?post=2368"}],"version-history":[{"count":7,"href":"http:\/\/sd41blogs.ca\/romaina\/wp-json\/wp\/v2\/pages\/2368\/revisions"}],"predecessor-version":[{"id":12341,"href":"http:\/\/sd41blogs.ca\/romaina\/wp-json\/wp\/v2\/pages\/2368\/revisions\/12341"}],"up":[{"embeddable":true,"href":"http:\/\/sd41blogs.ca\/romaina\/wp-json\/wp\/v2\/pages\/2321"}],"wp:attachment":[{"href":"http:\/\/sd41blogs.ca\/romaina\/wp-json\/wp\/v2\/media?parent=2368"}],"curies":[{"name":"wp","href":"https:\/\/api.w.org\/{rel}","templated":true}]}}