{"id":1724,"date":"2012-03-14T15:28:20","date_gmt":"2012-03-14T22:28:20","guid":{"rendered":"http:\/\/sd41blogs.ca\/romaina\/?page_id=1724"},"modified":"2024-05-24T10:41:13","modified_gmt":"2024-05-24T17:41:13","slug":"notes","status":"publish","type":"page","link":"http:\/\/sd41blogs.ca\/romaina\/french-8\/unit-5-phenomenes-canadiens\/notes\/","title":{"rendered":"Notes"},"content":{"rendered":"<p><a href=\"http:\/\/sd41blogs.ca\/romaina\/files\/2021\/01\/Un4-Ph\u00e9nom\u00e8nes-Canadiens-Vocabulaire.pdf\">Ph\u00e9nom\u00e8nes Canadiens Vocabulaire<\/a><\/p>\n<p><a href=\"http:\/\/sd41blogs.ca\/romaina\/files\/2021\/01\/Verb-Table-Pr\u00e9sent-Futur-Proche-and-Pass\u00e9-Compos\u00e9.pdf\">Verb Table &#8211; Pr\u00e9sent, Futur Proche and Pass\u00e9 Compos\u00e9<\/a><\/p>\n<p><a href=\"http:\/\/sd41blogs.ca\/romaina\/files\/2024\/05\/Les-adverbes.pdf\">Les adverbes &#8211; notes<\/a><\/p>\n","protected":false},"excerpt":{"rendered":"<p>Ph\u00e9nom\u00e8nes Canadiens Vocabulaire Verb Table &#8211; Pr\u00e9sent, Futur Proche and Pass\u00e9 Compos\u00e9 Les adverbes &#8211; notes<\/p>\n","protected":false},"author":103,"featured_media":0,"parent":175,"menu_order":0,"comment_status":"open","ping_status":"closed","template":"","meta":[],"_links":{"self":[{"href":"http:\/\/sd41blogs.ca\/romaina\/wp-json\/wp\/v2\/pages\/1724"}],"collection":[{"href":"http:\/\/sd41blogs.ca\/romaina\/wp-json\/wp\/v2\/pages"}],"about":[{"href":"http:\/\/sd41blogs.ca\/romaina\/wp-json\/wp\/v2\/types\/page"}],"author":[{"embeddable":true,"href":"http:\/\/sd41blogs.ca\/romaina\/wp-json\/wp\/v2\/users\/103"}],"replies":[{"embeddable":true,"href":"http:\/\/sd41blogs.ca\/romaina\/wp-json\/wp\/v2\/comments?post=1724"}],"version-history":[{"count":16,"href":"http:\/\/sd41blogs.ca\/romaina\/wp-json\/wp\/v2\/pages\/1724\/revisions"}],"predecessor-version":[{"id":15683,"href":"http:\/\/sd41blogs.ca\/romaina\/wp-json\/wp\/v2\/pages\/1724\/revisions\/15683"}],"up":[{"embeddable":true,"href":"http:\/\/sd41blogs.ca\/romaina\/wp-json\/wp\/v2\/pages\/175"}],"wp:attachment":[{"href":"http:\/\/sd41blogs.ca\/romaina\/wp-json\/wp\/v2\/media?parent=1724"}],"curies":[{"name":"wp","href":"https:\/\/api.w.org\/{rel}","templated":true}]}}