{"id":59,"date":"2019-06-26T20:28:49","date_gmt":"2019-06-26T20:28:49","guid":{"rendered":"http:\/\/sd41blogs.ca\/dubep\/?page_id=59"},"modified":"2020-01-10T22:01:45","modified_gmt":"2020-01-10T22:01:45","slug":"schum-8","status":"publish","type":"page","link":"http:\/\/sd41blogs.ca\/dubep\/schum-8\/","title":{"rendered":"SCHUM 8"},"content":{"rendered":"<h2>10 janvier 2020<\/h2>\n<p>Voici le lien pour le projet sur les Azt\u00e8ques.<\/p>\n<h2><a href=\"http:\/\/sd41blogs.ca\/dubep\/files\/2020\/01\/Azt\u00e8ques_projet_v2_enquete.pdf\">Azt\u00e8ques_projet_v2_enquete<\/a><\/h2>\n<h2>9 d\u00e9cembre<\/h2>\n<pre>Le lien pour le travail sur l'Inde ancienne\r\n\r\n<a href=\"http:\/\/sd41blogs.ca\/dubep\/files\/2019\/12\/projet_Inde.docx\">projet_Inde<\/a><\/pre>\n<h2>28 novembre<\/h2>\n<p>Voici la lettre aux parents pour l&#8217;excursion \u00e0 Chinatown<\/p>\n<p><a href=\"http:\/\/sd41blogs.ca\/dubep\/files\/2019\/11\/letter_parents_chinatown.docx\">letter_parents_chinatown<\/a><\/p>\n<h2>&nbsp;<\/h2>\n<h2>25 novembre 2019<\/h2>\n<p>Voici le lien pour le travail sur les samoura\u00efs<\/p>\n<p><a href=\"http:\/\/sd41blogs.ca\/dubep\/files\/2019\/11\/Samourai-moderne.docx\">Samourai moderne<\/a><\/p>\n<p>31 octobre 2019<\/p>\n<p>Voici le projet sur les inventions chinoises<\/p>\n<p><a href=\"http:\/\/sd41blogs.ca\/dubep\/files\/2019\/10\/Inventions.docx\">Inventions<\/a><\/p>\n<p>&nbsp;<\/p>\n<p>10 OCTOBRE 2019<\/p>\n<p>Clique sur le lien pour voir le projet de brochure sur la ville de Cordoue.<\/p>\n<p><a href=\"http:\/\/sd41blogs.ca\/dubep\/files\/2019\/10\/Brochure_Cordoue.docx\">Brochure_Cordoue<\/a><\/p>\n<p>&nbsp;<\/p>\n<p>Bienvenue dans la classe de Sciences Humaines 8 ! Bon semestre \u00e0 tous ! Clique sur ce lien pour voir le syllabus en anglais (pour tes parents, peut-\u00eatre&#8230;?)<\/p>\n<p><a href=\"http:\/\/sd41blogs.ca\/dubep\/files\/2019\/09\/SCHUM8_ENG.docx\">SCHUM8_ENG<\/a><\/p>\n","protected":false},"excerpt":{"rendered":"<p>10 janvier 2020 Voici le lien pour le projet sur les Azt\u00e8ques. Azt\u00e8ques_projet_v2_enquete 9 d\u00e9cembre Le lien pour le travail sur l&#8217;Inde ancienne projet_Inde 28 novembre Voici la lettre aux parents pour l&#8217;excursion \u00e0 Chinatown letter_parents_chinatown &nbsp; 25 novembre 2019 Voici le lien pour le travail sur les samoura\u00efs Samourai [&hellip;]<\/p>\n","protected":false},"author":8663,"featured_media":0,"parent":0,"menu_order":0,"comment_status":"closed","ping_status":"closed","template":"","meta":[],"_links":{"self":[{"href":"http:\/\/sd41blogs.ca\/dubep\/wp-json\/wp\/v2\/pages\/59"}],"collection":[{"href":"http:\/\/sd41blogs.ca\/dubep\/wp-json\/wp\/v2\/pages"}],"about":[{"href":"http:\/\/sd41blogs.ca\/dubep\/wp-json\/wp\/v2\/types\/page"}],"author":[{"embeddable":true,"href":"http:\/\/sd41blogs.ca\/dubep\/wp-json\/wp\/v2\/users\/8663"}],"replies":[{"embeddable":true,"href":"http:\/\/sd41blogs.ca\/dubep\/wp-json\/wp\/v2\/comments?post=59"}],"version-history":[{"count":10,"href":"http:\/\/sd41blogs.ca\/dubep\/wp-json\/wp\/v2\/pages\/59\/revisions"}],"predecessor-version":[{"id":114,"href":"http:\/\/sd41blogs.ca\/dubep\/wp-json\/wp\/v2\/pages\/59\/revisions\/114"}],"wp:attachment":[{"href":"http:\/\/sd41blogs.ca\/dubep\/wp-json\/wp\/v2\/media?parent=59"}],"curies":[{"name":"wp","href":"https:\/\/api.w.org\/{rel}","templated":true}]}}